vert -2143046 (base 7) to base 10.
-262772
Convert 594441 (base 12) to base 14.
296253
1334024 (base 6) to base 13
28042
Convert -94292 (base 11) to base 8.
-414334
What is -1243256 (base 9) in base 8?
-2454447
Convert 3435360 (base 8) to base 2.
11100011101011110000
Convert 5534123 (base 6) to base 16.
439e3
-2613320 (base 7) to base 5
-41332411
What is 11504260 (base 9) in base 10?
5612787
What is -162606 (base 8) in base 14?
-175b0
Convert 163011 (base 12) to base 16.
5c64d
23006 (base 13) to base 3
10020101222
What is 55253321 (base 6) in base 3?
10010010021111
125408 (base 12) to base 15
5db38
3b927 (base 15) to base 13
68c71
1317425 (base 8) to base 9
621318
-421021440 (base 5) to base 10
-1735870
What is 112403613 (base 7) in base 5?
3231022303
Convert -20779 (base 13) to base 3.
-2222010011
133851 (base 9) to base 13
2b1bc
3025216 (base 7) to base 11
226177
67481 (base 13) to base 16
2dc86
202b8 (base 13) to base 3
2221000202
What is 17bdee (base 16) in base 5?
344242300
20020031 (base 6) to base 4
2021110303
18221 (base 9) to base 6
134114
1201120122112 (base 3) to base 6
31352322
What is -190746 (base 11) in base 15?
-5c062
-7c4b82 (base 13) to base 8
-13206530
What is -1343a (base 11) in base 4?
-10223121
Convert -105010352 (base 6) to base 11.
-10982a2
Convert 1674853 (base 9) to base 11.
58975a
29860 (base 11) to base 3
2011000111
Convert 14253203 (base 6) to base 7.
4105401
What is -1113332031 (base 4) in base 11?
-2267a6
-14042616 (base 8) to base 2
-1100000100010110001110
Convert 3545265 (base 8) to base 14.
1b33c9
Convert 1352201 (base 6) to base 15.
17c14
Convert -25675 (base 9) to base 2.
-100001110101001
Convert -26117 (base 12) to base 11.
-36086
Convert 10011111000011 (base 2) to base 14.
39d1
-1406521 (base 8) to base 9
-664054
What is -103b1e (base 15) in base 6?
-24314032
What is -2274b5 (base 13) in base 11?
-508008
What is 1652869 (base 10) in base 5?
410342434
Convert -203103221122 (base 4) to base 7.
-141446002
3107 (base 13) to base 8
15157
-52044415 (base 6) to base 7
-15512555
Convert 101001001110000000101 (base 2) to base 6.
44541021
Convert -1443353 (base 6) to base 14.
-2272d
-100230320331 (base 4) to base 13
-ba3a47
-20314360 (base 7) to base 2
-110011111011001011101
Convert -21200003 (base 4) to base 10.
-38915
40411051 (base 6) to base 13
3146b6
What is -1001422 (base 6) in base 9?
-71455
What is 12330300 (base 4) in base 10?
28464
125155110 (base 6) to base 9
4612076
14016072 (base 9) to base 7
112550102
What is -2121222112011 (base 3) in base 15?
-1c8e81
Convert -120112213 (base 4) to base 11.
-68a43
-401cc6 (base 15) to base 12
-1029529
7d805 (base 15) to base 3
202022202212
Convert 221121440 (base 6) to base 10.
3976512
What is 20138 (base 9) in base 14?
4b78
Convert 212011 (base 3) to base 5.
10000
26b68 (base 16) to base 15
31eb3
What is -1bc55 (base 13) in base 2?
-1101011000101010
-1719570 (base 11) to base 10
-2926220
-7fff1 (base 16) to base 10
-524273
Convert -3010042 (base 5) to base 10.
-47522
-b1985c (base 13) to base 2
-1111110001010001100010
What is 3108ab (base 13) in base 16?
11747d
What is 5445354 (base 6) in base 10?
270790
What is 1444030 (base 6) in base 12?
40616
What is a1c77 (base 14) in base 8?
1370361
3b9327 (base 12) to base 6
33122051
Convert 112221100122011 (base 3) to base 4.
132102103021
What is -40238 (base 9) in base 11?
-18958
-11100011101000111000101 (base 2) to base 14
-dc256d
Convert -11011201121012 (base 3) to base 13.
-5c8bb9
What is 14423341 (base 6) in base 10?
501037
Convert -2705742 (base 9) to base 11.
-921337
Convert 21566 (base 14) to base 6.
1421210
Convert -650162 (base 7) to base 3.
-12201220222
-36104316 (base 8) to base 2
-11110001000100011001110
1873520 (base 9) to base 16
100ed2
-1787416 (base 10) to base 4
-12310120120
-144642 (base 15) to base 5
-222224122
What is -581a66 (base 11) in base 7?
-10601532
-10101010011111000 (base 2) to base 3
-11102201220
Convert -8692 (base 14) to base 7.
-124542
-4000323 (base 5) to base 11
-43029
-362252 (base 10) to base 4
-1120130030
What is -4315077 (base 9) in base 3?
-11100112002121
Convert -3773356 (base 8) to base 3.
-1222011012011
Convert 1011001110110001001 (base 2) to base 4.
1121312021
-111110110110010011000 (base 2) to base 10
-2059416
Convert 52ab85 (base 13) to base 6.
105310005
What is -66444 (base 7) in base 13?
-77a0
Convert 1134240340 (base 5) to base 11.
154a64a
-106853 (base 13) to base 5
-44322040
Convert 21230 (base 14) to base 16.
1388a
-670753 (base 8) to base 2
-110111000111101011
Convert 1ac7c (base 15) to base 8.
252230
Convert 23223224 (base 5) to base 10.
211064
-23a1703 (base 11) to base 8
-17732022
What is 292054 (base 14) in base 7?
15062134
Convert -88ee1 (base 15) to base 2.
-1101010010010100001
-3e13d (base 15) to base 12
-97494
What is 3eef10 (base 16) in base 9?
7675582
What is -980033 (base 12) in base 9?
-4465543
-11003121313 (base 4) to base 16
-143677
Convert -213032331 (base 5) to base 11.
-5705a9
What is 13014412 (base 5) in base 9?
212137
1101001101101011 (base 2) to base 13
1b834
Convert -110231103221 (base 4) to base 5.
-2342202312
-1020220120112 (base 3) to base 9
-1226515
151404632 (base 7) to base 11
5758061
Convert 154147 (base 11) to base 4.
322202020
Convert -110100100100111000110 (base 2) to base 8.
-6444706
What is 21234031 (base 6) in base 11?
398a65
What is -7120c (base 15) in base 2?
-1010111011101000100
1236207 (base 9) to base 6
22235141
What is 468b9b (base 12) in base 14?
217a2b
Convert 1678708 (base 12) to base 3.
22201200110122
-37781 (base 13) to base 7
-604253
Convert -2317270 (base 10) to base 8.
-10655726
What is 21553504 (base 7) in base 16?
1c69a5
What is -92e9fe (base 16) in base 9?
-20104313
Convert 1002222211 (base 5) to base 9.
3665674
What is -400012020 (base 5) in base 13?
-4297a5
Convert -1000000110010010000101 (base 2) to base 10.
-2122885
Convert -23990ab (base 12) to base 10.
-6920771
What is 2201212000022 (base 3) in base 12?
5a1282
-7d6a16 (base 16) to base 4
-133112220112
-3344005 (base 6) to base 4
-221112011
What is 709a99 (base 12) in base 4?
12231123111
Convert 10110212201 (base 3) to base 16.
10b55
Convert 1010101012021 (base 3) to base 13.
17c200
236455641 (base 7) to base 13
30a9950
Convert -4266024 (base 9) to base 2.
-1000101110100000001000
What is d3649 (base 14) in base 12?
2065a9
Convert 6dbfc1 (base 16) to base 11.
4072929
What is -26124 (base 13) in base 2?
-10001001101100111
Convert -94914 (base 14) to base 5.
-42433002
Convert 115907 (base 14) to base 13.
17944a
What is -770568 (base 9) in base 16?
-703d9
Convert 19fc3 (base 16) to base 14.
2ab07
What is -7f094 (base 16) in base 10?
-520340
Convert -59434b (base 12) to base 16.
-15f1eb
213321432 (base 5) to base 14
19c325
What is 1010011110111001111010 (base 2) in base 3?
12011121120202
Convert 199a998 (base 12) to base 10.
5430788
Convert -d11d3 (base 14) to base 8.
-1725405
-16034052 (base 7) to base 16
-177801
Convert -398a4 (base 11) to base 16.
-de98
Convert aaa17 (base 13) to base 2.
1001011100000101010
What is -277322 (base 8) in base 4?
-113323102
1101001101011001 (base 2) to base 14
15a09
What is 6d8c2c (base 15) in base 6?
304222153
What is 1c58b2 (base 13) in base 14?
14ca95
557264 (base 8) to base 5
22004314
-12111223 (base 4) to base 8
-62553
c5804 (base 14) to base 13
138a33
Convert 1942e2 (base 15) to base 12.
4b33a2
What is adc4 (base 15) in base 6?
442351
b51cc (base 14) to base 7
3466045
What is 611136 (base 7) in base 4?
121103232
-1220041034 (base 5) to base 11
-16a6835
What is 1032021220 (base 4) in base 16?
4e268
What is 1101000100001000010 (base 2) in base 5?
102144343
Convert -3405376 (base 9) to base 5.
-432200401
What is -1c9547 (base 14) in base 6?
-33543151
Convert -1011111001110000100001 (base 2) to base 15.
-41975b
Convert 16cab3 (base 13) to base 12.
236437
What is -132203230 (base 5) in base 11?
-413093
What is -90037 (base 11) in base 7?
-1056166
What is 1249413 (base 10) in base 7?
13422414
What is 102022101310 (base 4) in base 5?
2204320232
Convert -20060 (base 15) to base 3.
-12011000100
What is 2c0bd3 (base 14) in base 16?
177ba5
Convert -573016 (base 8) to base 11.
-122890
15d1e (base 16) to base 2
10101110100011110
Convert 29823